4
Let n(q) = 318*q + 124022. Give n(-390).
2
Let c(m) = -m**3 + 70*m**2 + 293*m + 123. Give c(74).
-99
Let m(j) = 29*j**2 - 1734*j + 225. Give m(59).
-1132
Let t(u) = 19*u**2 + 378*u - 2425. What is t(-25)?
0
Let p(f) = 50*f**2 + 9676*f + 14604. Calculate p(-192).
12
Let f(i) = i**2 + 54*i + 569. Calculate f(-13).
36
Let r(m) = 18*m**2 + 799*m - 1658. Give r(-47).
551
Let i(q) = -q**3 - 56*q**2 + 80*q - 1265. Determine i(-58).
823
Let m(r) = 4*r**2 - 202*r + 1356. What is m(7)?
138
Let a(c) = 264*c + 43410. What is a(-167)?
-678
Let y(o) = -99*o + 11218. Give y(114).
-68
Let g(m) = m**3 + 15*m**2 - 38*m - 44. What is g(-10)?
836
Let h(v) = 916*v - 904. Give h(1).
12
Let d(a) = -35425*a + 11229720. Calculate d(317).
-5
Let z(h) = -474*h**2 - 19914*h - 224. What is z(-42)?
28
Let u(n) = -n**3 + 7*n**2 - 875*n + 6951. Give u(8).
-113
Let x(n) = -5*n**2 + 1504*n + 17139. Determine x(-11).
-10
Let s(r) = r**3 - 159*r**2 + 3773*r - 457. What is s(130)?
-67
Let f(d) = -d**2 - 194*d + 38686. What is f(128)?
-2530
Let d(m) = 68044*m + 612404. Calculate d(-9).
8
Let x(k) = 60*k**3 - 543*k**2 + 29*k - 21. Calculate x(9).
-3
Let q(n) = -19033*n + 932373. Calculate q(49).
-244
Let x(j) = 1961815*j - 17656328. Determine x(9).
7
Let u(p) = 249*p**2 + 1175*p + 57. What is u(-5)?
407
Let x(u) = 49*u**2 + 2593*u + 2271. Determine x(-52).
-69
Let r(a) = 4868*a + 68090. Determine r(-14).
-62
Let q(k) = 12553*k - 10594725. Calculate q(844).
7
Let q(b) = -b**2 + 6063*b - 66553. What is q(11)?
19
Let l(r) = 199925*r - 3398724. Calculate l(17).
1
Let z(m) = 194*m + 5705. What is z(-31)?
-309
Let j(o) = -3*o**2 + 245*o + 1529. Calculate j(86).
411
Let i(p) = -67659*p**2 + 1759131*p + 76. Determine i(26).
-2
Let o(c) = -425*c**2 + 8518*c - 39. Give o(20).
321
Let k(a) = a**3 - 16*a**2 - 241*a - 495. Give k(26).
-1
Let f(a) = -20*a**2 - 1103*a - 1103. Give f(-1).
-20
Let w(t) = -2806*t + 143120. Give w(51).
14
Let n(a) = 677*a + 3723. Give n(-7).
-1016
Let z(n) = 6*n**2 + 947*n - 80103. What is z(61)?
-10
Let o(g) = 9538*g + 67234. Give o(-7).
468
Let j(k) = -2*k**3 + 246*k**2 - 244*k + 1. Give j(122).
1
Let c(i) = -i**3 + 6*i**2 + 200*i + 1618. Calculate c(20).
18
Let d(b) = b**2 - 8371*b + 200319. Give d(24).
-9
Let l(b) = -148594*b + 24. Calculate l(0).
24
Let z(h) = 208*h - 5223. Determine z(31).
1225
Let s(c) = c**3 + 186*c**2 - 14*c - 2551. Calculate s(-186).
53
Let b(n) = 27909*n - 55817. Give b(2).
1
Let h(u) = -u**2 - 22051*u - 132268. Determine h(-6).
2
Let b(g) = 1497*g - 173659. Give b(116).
-7
Let w(l) = 2941*l + 8826. Give w(-3).
3
Let x(y) = -4665*y + 4501718. What is x(965)?
-7
Let v(f) = -61296*f - 183874. Calculate v(-3).
14
Let g(p) = p**3 + 60*p**2 + 22*p + 150. What is g(-60)?
-1170
Let t(j) = -4*j**2 - 1069*j - 10220. Determine t(-10).
70
Let d(j) = -j**3 - 188*j**2 + 1591*j + 3997. Determine d(-196).
-511
Let f(g) = 940*g - 100648. Determine f(108).
872
Let a(c) = -7601*c - 30490. Determine a(-4).
-86
Let c(s) = -17*s**3 - 166*s**2 - 458*s - 439. What is c(-6)?
5
Let c(s) = -3*s**3 - 367*s**2 + 218*s - 3506. What is c(-123)?
-62
Let p(t) = 2*t**3 + 57*t**2 + 400*t - 309. What is p(-12)?
-357
Let b(a) = -a**2 + 7152*a + 1327281. Calculate b(-181).
8
Let y(u) = 22*u**2 - 1593*u - 5992. Determine y(76).
12
Let d(w) = 7703*w + 100185. What is d(-13)?
46
Let i(h) = 20*h**2 + 1538*h + 16511. Determine i(-64).
-1
Let r(k) = 2*k**2 + 151*k - 2547. What is r(16)?
381
Let v(j) = -j**2 - 659*j - 91255. Calculate v(-195).
-775
Let f(n) = -n**3 + 11*n**2 + 275*n - 3089. Calculate f(12).
67
Let o(w) = 240604*w - 1924756. Determine o(8).
76
Let k(i) = -13712*i + 397506. Give k(29).
-142
Let b(h) = -3134*h + 119096. What is b(38)?
4
Let y(v) = -2*v**2 - 244*v - 2260. Give y(-10).
-20
Let u(z) = -3*z + 314. Calculate u(-45).
449
Let a(g) = -168*g**2 + 7190*g + 1473. Calculate a(43).
11
Let m(q) = q**3 + 42*q**2 - 1076*q - 46245. What is m(-40)?
-5
Let f(g) = 153860*g - 2769473. Determine f(18).
7
Let l(w) = -5344*w + 2773543. Calculate l(519).
7
Let x(i) = 5437*i + 108893. Give x(-20).
153
Let m(k) = 4*k**2 + 33450*k - 704217. Calculate m(21).
-3
Let u(d) = -7*d**3 - 3*d**2 - 12881*d + 38672. Give u(3).
-187
Let c(r) = r**3 - 3*r**2 - 9*r - 227. Calculate c(-12).
-2279
Let u(p) = 30*p - 1598. What is u(58)?
142
Let z(l) = -l**3 - 93*l**2 - 34*l + 5400. What is z(-92)?
64
Let b(z) = 40776*z + 1345736. Calculate b(-33).
128
Let x(z) = -2*z**3 + 343*z**2 + 185*z - 913. Give x(172).
1323
Let h(l) = -2206*l + 94949. Give h(43).
91
Let k(d) = -2*d**2 - 7764*d + 93433. What is k(12)?
-23
Let i(g) = -13*g**3 + 5*g - 37. What is i(4)?
-849
Let h(a) = 49*a + 1671. Determine h(-30).
201
Let u(s) = 2*s**2 + 3297*s + 1324577. What is u(-955)?
-8
Let a(x) = -30*x**3 + 390*x**2 + 38*x - 196. Determine a(13).
298
Let h(p) = -9*p**3 - 262*p**2 + 16*p - 173. Determine h(-29).
-1478
Let u(h) = -h**3 + 147*h**2 + 349*h - 51317. Give u(147).
-14
Let v(u) = -87*u**3 + 4352*u**2 - 76*u + 199. Determine v(50).
1399
Let n(p) = -2*p**2 - 245*p - 7265. Determine n(-50).
-15
Let k(f) = -3*f**2 + 2008*f + 191490. What is k(754)?
-26
Let n(g) = -g**2 - 411675*g + 823352. Determine n(2).
-2
Let m(d) = 8*d**3 - 160*d**2 + 146*d + 32. Give m(19).
-82
Let w(q) = 942*q**2 + 25*q. Calculate w(-1).
917
Let m(y) = -y**3 + 161*y**2 - 157*y - 655. Give m(160).
-175
Let s(o) = 4400*o + 30760. Determine s(-7).
-40
Let r(s) = -s**2 + 23*s + 3040. What is r(-45)?
-20
Let h(t) = 2*t**2 - 85*t + 687. What is h(32)?
15
Let x(q) = 418*q - 4623. Determine x(11).
-25
Let a(l) = -95668*l - 956685. What is a(-10)?
-5
Let p(r) = -20*r**2 + 273*r - 2133. Give p(8).
-1229
Let s(z) = -2*z**3 - 111*z**2 + 289*z - 9. Determine s(4).
-757
Let w(b) = 7544*b + 2414101. Give w(-320).
21
Let m(z) = z**2 + 7465*z - 97188. Determine m(13).
26
Let u(j) = 5*j**2 - 23374*j - 46754. Determine u(-2).
14
Let r(x) = 46*x**2 + 1742*x - 5880. Determine r(-41).
24
Let s(h) = 321*h - 454. Calculate s(-4).
-1738
Let z(g) = g**2 + 71*g - 1493. Give z(-76).
-1113
Let o(r) = -2*r**2 - 9225*r + 693630. What is o(74)?
28
Let x(c) = 5*c**2 - 1173*c - 20592. What is x(251)?
-10
Let o(p) = 5*p**3 + 2*p**2 + 215*p + 427. Give o(-2).
-35
Let c(m) = 145*m - 868. What is c(8)?
292
Let w(y) = 517*y**2 - 1448*y + 58. What is w(3)?
367
Let u(s) = -4*s**2 - 2547*s + 164217. Determine u(59).
20
Let h(z) = -266*z + 6241. Determine h(28).
-1207
Let j(m) = 261*m**2 - 5744*m - 14. Calculate j(22).
-58
Let l(h) = -3*h**2 - 8271*h + 4024621. Calculate l(-3179).
7
Let d(w) = -w**3 - 94*w**2 - 252*w + 1686. Calculate d(-91).
-225
Let i(p) = 8*p - 366. Calculate i(151).
842
Let h(d) = -5*d**2 - 957*d - 1586. Calculate h(-191).
-1204
Let x(r) = 2724*r + 229352. Determine x(-84).
536
Let l(k) = -3448*k - 186337. Give l(-54).
-145
Let m(u) = 210*u + 26524. Calculate m(-129).
-566
Let i(x) = x**3 - 458*x**2 + 1162*x - 113992. Give i(456).
8
Let w(k) = 3*k**3 + 2*k**2 - 125*k + 92. What is w(6)?
62
Let m(f) = 3*f**2 - 244*f + 3226. Give m(64).
-102
Let r(a) = 402*a**2 - 90449*a - 221. Calculate r(225).
4
Let s(k) = 19023*k + 608759. Determine s(-32).
23
Let o(l) = -27*l**2 - 16150*l + 65027. Calculate o(4).
-5
Let f(l) = 4*l**3 - 510*l**2 - 2667*l - 77. Determine f(-5).
8
Let v(d) = -92*d**2 + 854*d + 670. Give v(10).
10
Let t(v) = -15*v**3 + 89*v**2 + 300*v + 6. Determine t(8).
422
Let g(c) = -8556*c**2 - 42782*c + 12. What is g(-5)?
22
Let m(y) = -69*y**2 + 226*y + 3782. Determine m(-6).
-58
Let c(n) = 25087*n + 250557. What is c(-10)?
-313
Let u(q) = 8*q**3 + 50*q**2 + 106*q - 73. Determine u(-8).
-1817
Let v(o) = -o**3 + 51*o**2 - 4447*o + 213117. Give v(49).
16
Let g(v) = -19*v**2 + 21980*v + 180575. Give g(1165).
0
Let r(m) = -m**2 - 443*m - 2186. Determine r(-5).
4
Let t(k) = -k**2 - 145*k - 799. Give t(-6).
35
Let z(b) = -3*b**3 - 27*b**2 + 560*b + 69. Determine z(10).
-31
Let b(l) = -2*l**2 - 1508*l - 18294. Determine b(-12).
-486
Let q(z) = -2*z**2 + 234*z - 4144. Calculate q(20).
-264
Let m(n) = -426811*n - 25181839. Calculate m(-59).
10
Let r(d) = 35444*d + 2020302. What is r(-57)?
-6
Let q(v) = -v**3 - 54*v**2 + 328*v + 17720. Determine q(-54).
8
Let z(n) = 2*n**3 + 15*n**2 - 107*n + 75. Calculate z(5).
165
Let h(n) = n**3 + 9*n**2 + 222*n + 4298. What